{"id":474,"date":"2022-06-29T02:45:09","date_gmt":"2022-06-29T07:45:09","guid":{"rendered":"https:\/\/marfra.net\/?page_id=474"},"modified":"2022-06-29T12:55:11","modified_gmt":"2022-06-29T17:55:11","slug":"servicios","status":"publish","type":"page","link":"https:\/\/marfra.net\/index.php\/servicios\/","title":{"rendered":"Servicios"},"content":{"rendered":"\n<div class=\"wp-block-media-text alignwide is-stacked-on-mobile\"><figure class=\"wp-block-media-text__media\"><img loading=\"lazy\" decoding=\"async\" width=\"640\" height=\"426\" src=\"https:\/\/marfra.net\/wp-content\/uploads\/2022\/06\/paper-3225109_640.jpg\" alt=\"\" class=\"wp-image-478 size-full\" srcset=\"https:\/\/marfra.net\/wp-content\/uploads\/2022\/06\/paper-3225109_640.jpg 640w, https:\/\/marfra.net\/wp-content\/uploads\/2022\/06\/paper-3225109_640-300x200.jpg 300w, https:\/\/marfra.net\/wp-content\/uploads\/2022\/06\/paper-3225109_640-600x399.jpg 600w\" sizes=\"auto, (max-width: 640px) 100vw, 640px\" \/><\/figure><div class=\"wp-block-media-text__content\">\n<p class=\"has-black-color has-text-color\" style=\"font-size:16px\"><strong>Dise\u00f1o, desarrollo y gesti\u00f3n de Proyectos<\/strong> de ingenier\u00eda, en las disciplinas de tecnolog\u00eda, energ\u00eda y construcci\u00f3n, contamos con profesionales especializados  con amplia trayectoria profesional.<\/p>\n<\/div><\/div>\n\n\n\n<div class=\"wp-block-media-text alignwide is-stacked-on-mobile\"><figure class=\"wp-block-media-text__media\"><img loading=\"lazy\" decoding=\"async\" width=\"640\" height=\"426\" src=\"https:\/\/marfra.net\/wp-content\/uploads\/2022\/06\/consulting-3031678_640.jpg\" alt=\"\" class=\"wp-image-479 size-full\" srcset=\"https:\/\/marfra.net\/wp-content\/uploads\/2022\/06\/consulting-3031678_640.jpg 640w, https:\/\/marfra.net\/wp-content\/uploads\/2022\/06\/consulting-3031678_640-300x200.jpg 300w, https:\/\/marfra.net\/wp-content\/uploads\/2022\/06\/consulting-3031678_640-600x399.jpg 600w\" sizes=\"auto, (max-width: 640px) 100vw, 640px\" \/><\/figure><div class=\"wp-block-media-text__content\">\n<p class=\"has-black-color has-text-color\" style=\"font-size:16px\"><strong>Consultor\u00eda y asesoramiento<\/strong>, nos  mimetizamos con tus objetivos y nos convertimos en tu mano derecha para lograr vuestros objetivos.  <\/p>\n<\/div><\/div>\n\n\n\n<div class=\"wp-block-media-text alignwide is-stacked-on-mobile\"><figure class=\"wp-block-media-text__media\"><img loading=\"lazy\" decoding=\"async\" width=\"1024\" height=\"645\" src=\"https:\/\/marfra.net\/wp-content\/uploads\/2022\/06\/teamwork-3213924_1920-1024x645.jpg\" alt=\"\" class=\"wp-image-480 size-full\" srcset=\"https:\/\/marfra.net\/wp-content\/uploads\/2022\/06\/teamwork-3213924_1920-1024x645.jpg 1024w, https:\/\/marfra.net\/wp-content\/uploads\/2022\/06\/teamwork-3213924_1920-300x189.jpg 300w, https:\/\/marfra.net\/wp-content\/uploads\/2022\/06\/teamwork-3213924_1920-768x484.jpg 768w, https:\/\/marfra.net\/wp-content\/uploads\/2022\/06\/teamwork-3213924_1920-1536x968.jpg 1536w, https:\/\/marfra.net\/wp-content\/uploads\/2022\/06\/teamwork-3213924_1920-600x378.jpg 600w, https:\/\/marfra.net\/wp-content\/uploads\/2022\/06\/teamwork-3213924_1920.jpg 1920w\" sizes=\"auto, (max-width: 1024px) 100vw, 1024px\" \/><\/figure><div class=\"wp-block-media-text__content\">\n<p class=\"has-black-color has-text-color\" style=\"font-size:16px\"><strong>Outsourcing IT<\/strong> : Nos encargamos de tus operaciones IT, para asegurar los niveles de servicio y satisfacci\u00f3n que necesitas.<\/p>\n<\/div><\/div>\n\n\n\n<div class=\"wp-block-media-text alignwide is-stacked-on-mobile\"><figure class=\"wp-block-media-text__media\"><img loading=\"lazy\" decoding=\"async\" width=\"640\" height=\"426\" src=\"https:\/\/marfra.net\/wp-content\/uploads\/2022\/06\/digital-marketing-1725340_640.jpg\" alt=\"\" class=\"wp-image-487 size-full\" srcset=\"https:\/\/marfra.net\/wp-content\/uploads\/2022\/06\/digital-marketing-1725340_640.jpg 640w, https:\/\/marfra.net\/wp-content\/uploads\/2022\/06\/digital-marketing-1725340_640-300x200.jpg 300w, https:\/\/marfra.net\/wp-content\/uploads\/2022\/06\/digital-marketing-1725340_640-600x399.jpg 600w\" sizes=\"auto, (max-width: 640px) 100vw, 640px\" \/><\/figure><div class=\"wp-block-media-text__content\">\n<p class=\"has-black-color has-text-color\" style=\"font-size:16px\"><strong>Anal\u00edtica de Datos<\/strong>: Gestionamos  y analizamos tus datos en tiempo real, estructurados, no estructurados, cualitativos, heterog\u00e9neos, identificar patrones, tendencias, generar conocimientos, automatizar decisiones, conectando as\u00ed la inteligencia y las acciones.<\/p>\n<\/div><\/div>\n","protected":false},"excerpt":{"rendered":"<p>Dise\u00f1o, desarrollo y gesti\u00f3n de Proyectos de ingenier\u00eda, en las disciplinas de tecnolog\u00eda, energ\u00eda y construcci\u00f3n, contamos con profesionales especializados con amplia trayectoria profesional. Consultor\u00eda y asesoramiento, nos mimetizamos con tus objetivos y nos convertimos en tu mano derecha para<\/p>\n","protected":false},"author":1,"featured_media":0,"parent":0,"menu_order":0,"comment_status":"closed","ping_status":"closed","template":"","meta":{"om_disable_all_campaigns":false,"_monsterinsights_skip_tracking":false,"_monsterinsights_sitenote_active":false,"_monsterinsights_sitenote_note":"","_monsterinsights_sitenote_category":0,"footnotes":""},"class_list":["post-474","page","type-page","status-publish","hentry"],"_links":{"self":[{"href":"https:\/\/marfra.net\/index.php\/wp-json\/wp\/v2\/pages\/474","targetHints":{"allow":["GET"]}}],"collection":[{"href":"https:\/\/marfra.net\/index.php\/wp-json\/wp\/v2\/pages"}],"about":[{"href":"https:\/\/marfra.net\/index.php\/wp-json\/wp\/v2\/types\/page"}],"author":[{"embeddable":true,"href":"https:\/\/marfra.net\/index.php\/wp-json\/wp\/v2\/users\/1"}],"replies":[{"embeddable":true,"href":"https:\/\/marfra.net\/index.php\/wp-json\/wp\/v2\/comments?post=474"}],"version-history":[{"count":6,"href":"https:\/\/marfra.net\/index.php\/wp-json\/wp\/v2\/pages\/474\/revisions"}],"predecessor-version":[{"id":493,"href":"https:\/\/marfra.net\/index.php\/wp-json\/wp\/v2\/pages\/474\/revisions\/493"}],"wp:attachment":[{"href":"https:\/\/marfra.net\/index.php\/wp-json\/wp\/v2\/media?parent=474"}],"curies":[{"name":"wp","href":"https:\/\/api.w.org\/{rel}","templated":true}]}}